{"id":7777,"date":"2023-01-31T22:51:39","date_gmt":"2023-01-31T21:51:39","guid":{"rendered":"http:\/\/hestia-globaltrade.com\/?page_id=7777"},"modified":"2023-02-05T23:33:38","modified_gmt":"2023-02-05T22:33:38","slug":"hestia-facilities","status":"publish","type":"page","link":"https:\/\/hestia-globaltrade.com\/index.php\/hestia-facilities\/","title":{"rendered":"Hestia Facilities"},"content":{"rendered":"\t\t<div data-elementor-type=\"wp-page\" data-elementor-id=\"7777\" class=\"elementor elementor-7777\">\n\t\t\t\t\t\t\t\t\t<section class=\"elementor-section elementor-top-section elementor-element elementor-element-7a68282 elementor-section-boxed elementor-section-height-default elementor-section-height-default\" data-id=\"7a68282\" data-element_type=\"section\">\n\t\t\t\t\t\t<div class=\"elementor-container elementor-column-gap-default\">\n\t\t\t\t\t<div class=\"elementor-column elementor-col-100 elementor-top-column elementor-element elementor-element-e2705c2\" data-id=\"e2705c2\" data-element_type=\"column\">\n\t\t\t<div class=\"elementor-widget-wrap elementor-element-populated\">\n\t\t\t\t\t\t\t\t<div class=\"elementor-element elementor-element-fc3bac9 elementor-widget elementor-widget-heading\" data-id=\"fc3bac9\" data-element_type=\"widget\" data-widget_type=\"heading.default\">\n\t\t\t\t<div class=\"elementor-widget-container\">\n\t\t\t<style>\/*! elementor - v3.11.2 - 22-02-2023 *\/\n.elementor-heading-title{padding:0;margin:0;line-height:1}.elementor-widget-heading .elementor-heading-title[class*=elementor-size-]>a{color:inherit;font-size:inherit;line-height:inherit}.elementor-widget-heading .elementor-heading-title.elementor-size-small{font-size:15px}.elementor-widget-heading .elementor-heading-title.elementor-size-medium{font-size:19px}.elementor-widget-heading .elementor-heading-title.elementor-size-large{font-size:29px}.elementor-widget-heading .elementor-heading-title.elementor-size-xl{font-size:39px}.elementor-widget-heading .elementor-heading-title.elementor-size-xxl{font-size:59px}<\/style><div class=\"elementor-heading-wrapper\" ><div class=\"elementor-heading-wrapper-inner\"><h2 class=\"elementor-heading-title elementor-size-default\">Mise en place de solutions de Facility Management\u00a0:  HESTIA FACILITIES, une vision a 360\u00b0 du facility management<\/h2><\/div><\/div>\t\t<\/div>\n\t\t\t\t<\/div>\n\t\t\t\t<div class=\"elementor-element elementor-element-2b155b1 elementor-widget elementor-widget-text-editor\" data-id=\"2b155b1\" data-element_type=\"widget\" data-widget_type=\"text-editor.default\">\n\t\t\t\t<div class=\"elementor-widget-container\">\n\t\t\t<style>\/*! elementor - v3.11.2 - 22-02-2023 *\/\n.elementor-widget-text-editor.elementor-drop-cap-view-stacked .elementor-drop-cap{background-color:#818a91;color:#fff}.elementor-widget-text-editor.elementor-drop-cap-view-framed .elementor-drop-cap{color:#818a91;border:3px solid;background-color:transparent}.elementor-widget-text-editor:not(.elementor-drop-cap-view-default) .elementor-drop-cap{margin-top:8px}.elementor-widget-text-editor:not(.elementor-drop-cap-view-default) .elementor-drop-cap-letter{width:1em;height:1em}.elementor-widget-text-editor .elementor-drop-cap{float:left;text-align:center;line-height:1;font-size:50px}.elementor-widget-text-editor .elementor-drop-cap-letter{display:inline-block}<\/style>        <div class=\"elementor-text-editor elementor-clearfix\"><p class=\"p1\">Les entreprises font de plus en plus souvent le choix d\u2019externaliser leurs fonctions supports non-c\u0153ur de m\u00e9tier en les regroupant dans un contrat unique. Quel que soit votre projet, HESTIA facilities accompagne ses clients et les aide \u00e0 r\u00e9pondre toujours plus efficacement aux enjeux technologiques, \u00e9nerg\u00e9tiques, environnementaux ou de s\u00e9curit\u00e9 li\u00e9s au Facility Management.<\/p><p class=\"p1\">HESTIA GLOBAL TRADE envisage l\u2019int\u00e9gration d\u2019un contrat de gestion globale et exclusive des services pour la gestion des \u00e9quipements et des installations initiaux afin d\u2019optimiser leurs performances. Le but \u00e9tant, en plus d\u2019apporter une assistance technique en optimisant le fonctionnement des installations, de pouvoir satisfaire les besoins des clients en mettant en place des services indispensables au bon fonctionnement du site.<\/p><p class=\"p1\">Le souci de la performance \u00e9nerg\u00e9tique, de la gestion et du recyclage de l\u2019eau et du traitement de l\u2019air en atmosph\u00e8re close, irriguent le concept du programme, qui occupe ainsi une niche inexplor\u00e9e par la concurrence.<\/p><\/div>\n        \t\t<\/div>\n\t\t\t\t<\/div>\n\t\t\t\t\t<\/div>\n\t\t<\/div>\n\t\t\t\t\t\t\t<\/div>\n\t\t<\/section>\n\t\t\t\t<section class=\"elementor-section elementor-top-section elementor-element elementor-element-2506d9a elementor-section-boxed elementor-section-height-default elementor-section-height-default\" data-id=\"2506d9a\" data-element_type=\"section\" data-settings=\"{&quot;background_background&quot;:&quot;classic&quot;}\">\n\t\t\t\t\t\t<div class=\"elementor-container elementor-column-gap-default\">\n\t\t\t\t\t<div class=\"elementor-column elementor-col-100 elementor-top-column elementor-element elementor-element-5784e7d\" data-id=\"5784e7d\" data-element_type=\"column\">\n\t\t\t<div class=\"elementor-widget-wrap elementor-element-populated\">\n\t\t\t\t\t\t\t\t<div class=\"elementor-element elementor-element-7a162c0 elementor-widget elementor-widget-heading\" data-id=\"7a162c0\" data-element_type=\"widget\" data-widget_type=\"heading.default\">\n\t\t\t\t<div class=\"elementor-widget-container\">\n\t\t\t<div class=\"elementor-heading-wrapper\" ><div class=\"elementor-heading-wrapper-inner\"><h2 class=\"elementor-heading-title elementor-size-default\">NOTRE EXPERTISE SUR LA RSE<\/h2><\/div><\/div>\t\t<\/div>\n\t\t\t\t<\/div>\n\t\t\t\t<div class=\"elementor-element elementor-element-18579f7 elementor-widget elementor-widget-text-editor\" data-id=\"18579f7\" data-element_type=\"widget\" data-widget_type=\"text-editor.default\">\n\t\t\t\t<div class=\"elementor-widget-container\">\n\t\t\t        <div class=\"elementor-text-editor elementor-clearfix\"><p class=\"p1\">La RSE est devenue un sujet fondamental au c\u0153ur duquel HESTIA FACILITIES a d\u00e9cid\u00e9 d\u2019apporter toute son expertise. En d\u00e9veloppant sans cesse nos solutions, nous faisons de la RSE un levier de la performance \u00e9conomique, un actif comp\u00e9titif de notre entreprise, une r\u00e9ponse tangible et concr\u00e8te aux grands enjeux environnementaux, sociaux et \u00e9conomiques.<\/p><p class=\"p1\">Ma\u00eetrisant les processus li\u00e9s \u00e0 l\u2019\u00e9cosyst\u00e8me du d\u00e9veloppement durable, \u00e9nerg\u00e9tique, de la RSE et du facilities management et dot\u00e9 d\u2019\u00e9quipes experts sur les probl\u00e9matiques divers, HESTIA Facilities nous para\u00eet d\u00e9tenir toutes les cl\u00e9s pour r\u00e9pondre \u00e0 une d\u00e9marche RSE responsable et efficiente, capable de faire face, \u00e0 travers des solutions efficaces, aux enjeux culturels forts et aux attentes<span class=\"Apple-converted-space\">\u00a0 <\/span>de plus en plus<span class=\"Apple-converted-space\">\u00a0 <\/span>grandissantes de la soci\u00e9t\u00e9 civile<span class=\"Apple-converted-space\">\u00a0 <\/span>et des institutions nationales et r\u00e9gionales pour une am\u00e9lioration continue du rendement social, environnemental et \u00e9conomique.<\/p><\/div>\n        \t\t<\/div>\n\t\t\t\t<\/div>\n\t\t\t\t\t<\/div>\n\t\t<\/div>\n\t\t\t\t\t\t\t<\/div>\n\t\t<\/section>\n\t\t\t\t\t\t\t<\/div>\n\t\t","protected":false},"excerpt":{"rendered":"<p>Mise en place de solutions de Facility Management\u00a0: HESTIA FACILITIES, une vision a 360\u00b0 du facility management Les entreprises font de plus en plus souvent le choix d\u2019externaliser leurs fonctions supports non-c\u0153ur de m\u00e9tier en les regroupant dans un contrat unique. Quel que soit votre projet, HESTIA facilities accompagne ses clients et les aide \u00e0 &hellip; <\/p>\n<p class=\"link-more\"><a href=\"https:\/\/hestia-globaltrade.com\/index.php\/hestia-facilities\/\" class=\"more-link\">Read More <span class=\"screen-reader-text\"> &#8220;Hestia Facilities&#8221;<\/span><\/a><\/p>\n","protected":false},"author":1,"featured_media":0,"parent":0,"menu_order":0,"comment_status":"closed","ping_status":"closed","template":"","meta":{"inline_featured_image":false,"footnotes":""},"class_list":["post-7777","page","type-page","status-publish","hentry"],"_links":{"self":[{"href":"https:\/\/hestia-globaltrade.com\/index.php\/wp-json\/wp\/v2\/pages\/7777","targetHints":{"allow":["GET"]}}],"collection":[{"href":"https:\/\/hestia-globaltrade.com\/index.php\/wp-json\/wp\/v2\/pages"}],"about":[{"href":"https:\/\/hestia-globaltrade.com\/index.php\/wp-json\/wp\/v2\/types\/page"}],"author":[{"embeddable":true,"href":"https:\/\/hestia-globaltrade.com\/index.php\/wp-json\/wp\/v2\/users\/1"}],"replies":[{"embeddable":true,"href":"https:\/\/hestia-globaltrade.com\/index.php\/wp-json\/wp\/v2\/comments?post=7777"}],"version-history":[{"count":5,"href":"https:\/\/hestia-globaltrade.com\/index.php\/wp-json\/wp\/v2\/pages\/7777\/revisions"}],"predecessor-version":[{"id":7912,"href":"https:\/\/hestia-globaltrade.com\/index.php\/wp-json\/wp\/v2\/pages\/7777\/revisions\/7912"}],"wp:attachment":[{"href":"https:\/\/hestia-globaltrade.com\/index.php\/wp-json\/wp\/v2\/media?parent=7777"}],"curies":[{"name":"wp","href":"https:\/\/api.w.org\/{rel}","templated":true}]}}