{"id":7408,"date":"2022-12-16T11:00:03","date_gmt":"2022-12-16T10:00:03","guid":{"rendered":"https:\/\/hestia-globaltrade.com\/?page_id=7408"},"modified":"2023-02-05T23:33:12","modified_gmt":"2023-02-05T22:33:12","slug":"nos-partenaires","status":"publish","type":"page","link":"https:\/\/hestia-globaltrade.com\/index.php\/nos-partenaires\/","title":{"rendered":"Nos Partenaires"},"content":{"rendered":"\t\t<div data-elementor-type=\"wp-page\" data-elementor-id=\"7408\" class=\"elementor elementor-7408\">\n\t\t\t\t\t\t\t\t\t<section class=\"elementor-section elementor-top-section elementor-element elementor-element-259575e elementor-section-boxed elementor-section-height-default elementor-section-height-default\" data-id=\"259575e\" data-element_type=\"section\">\n\t\t\t\t\t\t<div class=\"elementor-container elementor-column-gap-default\">\n\t\t\t\t\t<div class=\"elementor-column elementor-col-100 elementor-top-column elementor-element elementor-element-7336069\" data-id=\"7336069\" data-element_type=\"column\">\n\t\t\t<div class=\"elementor-widget-wrap elementor-element-populated\">\n\t\t\t\t\t\t\t\t<div class=\"elementor-element elementor-element-a67a3e1 elementor-widget elementor-widget-text-editor\" data-id=\"a67a3e1\" data-element_type=\"widget\" data-widget_type=\"text-editor.default\">\n\t\t\t\t<div class=\"elementor-widget-container\">\n\t\t\t<style>\/*! elementor - v3.11.2 - 22-02-2023 *\/\n.elementor-widget-text-editor.elementor-drop-cap-view-stacked .elementor-drop-cap{background-color:#818a91;color:#fff}.elementor-widget-text-editor.elementor-drop-cap-view-framed .elementor-drop-cap{color:#818a91;border:3px solid;background-color:transparent}.elementor-widget-text-editor:not(.elementor-drop-cap-view-default) .elementor-drop-cap{margin-top:8px}.elementor-widget-text-editor:not(.elementor-drop-cap-view-default) .elementor-drop-cap-letter{width:1em;height:1em}.elementor-widget-text-editor .elementor-drop-cap{float:left;text-align:center;line-height:1;font-size:50px}.elementor-widget-text-editor .elementor-drop-cap-letter{display:inline-block}<\/style>        <div class=\"elementor-text-editor elementor-clearfix\"><p>Soucieux de vous accompagner dans tous les aspects de vos projets immobiliers,\u00a0<span style=\"font-size: 1rem;\">HESTIA GLOBAL TRADE met \u00e0 votre disposition une \u00e9quipe d\u2019experts engag\u00e9s qui,\u00a0<\/span><span style=\"font-size: 1rem;\">chacun dans leur domaine de comp\u00e9tence, seront heureux de vous seconder de\u00a0<\/span><span style=\"font-size: 1rem;\">mani\u00e8re personnalis\u00e9e.<\/span><br \/>Afin de donner toutes les chances de r\u00e9ussite aux projets, Hestia s&#8217;entoure de partenaires engag\u00e9s qui partagent ses valeurs et s&#8217;inscrivent dans l&#8217;\u00e9cosyst\u00e8me de l&#8217;\u00e9conomie sociale et solidaire.<\/p><\/div>\n        \t\t<\/div>\n\t\t\t\t<\/div>\n\t\t\t\t\t<\/div>\n\t\t<\/div>\n\t\t\t\t\t\t\t<\/div>\n\t\t<\/section>\n\t\t\t\t<section class=\"elementor-section elementor-top-section elementor-element elementor-element-2f48165 elementor-section-boxed elementor-section-height-default elementor-section-height-default\" data-id=\"2f48165\" data-element_type=\"section\">\n\t\t\t\t\t\t<div class=\"elementor-container elementor-column-gap-default\">\n\t\t\t\t\t<div class=\"elementor-column elementor-col-25 elementor-top-column elementor-element elementor-element-e058b6d\" data-id=\"e058b6d\" data-element_type=\"column\">\n\t\t\t<div class=\"elementor-widget-wrap elementor-element-populated\">\n\t\t\t\t\t\t\t\t<div class=\"elementor-element elementor-element-a3b4eaf elementor-widget elementor-widget-image\" data-id=\"a3b4eaf\" data-element_type=\"widget\" data-widget_type=\"image.default\">\n\t\t\t\t<div class=\"elementor-widget-container\">\n\t\t\t<style>\/*! elementor - v3.11.2 - 22-02-2023 *\/\n.elementor-widget-image{text-align:center}.elementor-widget-image a{display:inline-block}.elementor-widget-image a img[src$=\".svg\"]{width:48px}.elementor-widget-image img{vertical-align:middle;display:inline-block}<\/style>\t\t\t\t\t\t\t\t\t\t\t\t<img decoding=\"async\" src=\"https:\/\/hestia-globaltrade.com\/wp-content\/uploads\/2022\/12\/Parter_01.jpg\" title=\"\u00c9tat du S\u00e9n\u00e9gal\" alt=\"\u00c9tat du S\u00e9n\u00e9gal\" loading=\"lazy\" \/>\t\t\t\t\t\t\t\t\t\t\t\t\t\t\t<\/div>\n\t\t\t\t<\/div>\n\t\t\t\t\t<\/div>\n\t\t<\/div>\n\t\t\t\t<div class=\"elementor-column elementor-col-25 elementor-top-column elementor-element elementor-element-0a50fb5\" data-id=\"0a50fb5\" data-element_type=\"column\">\n\t\t\t<div class=\"elementor-widget-wrap elementor-element-populated\">\n\t\t\t\t\t\t\t\t<div class=\"elementor-element elementor-element-eacfa7d elementor-widget elementor-widget-image\" data-id=\"eacfa7d\" data-element_type=\"widget\" data-widget_type=\"image.default\">\n\t\t\t\t<div class=\"elementor-widget-container\">\n\t\t\t\t\t\t\t\t\t\t\t\t\t\t\t<img decoding=\"async\" src=\"https:\/\/hestia-globaltrade.com\/wp-content\/uploads\/2022\/12\/Parter_02.jpg\" title=\"DGPU\" alt=\"DGPU\" loading=\"lazy\" \/>\t\t\t\t\t\t\t\t\t\t\t\t\t\t\t<\/div>\n\t\t\t\t<\/div>\n\t\t\t\t\t<\/div>\n\t\t<\/div>\n\t\t\t\t<div class=\"elementor-column elementor-col-25 elementor-top-column elementor-element elementor-element-69604d1\" data-id=\"69604d1\" data-element_type=\"column\">\n\t\t\t<div class=\"elementor-widget-wrap elementor-element-populated\">\n\t\t\t\t\t\t\t\t<div class=\"elementor-element elementor-element-269b997 elementor-widget elementor-widget-image\" data-id=\"269b997\" data-element_type=\"widget\" data-widget_type=\"image.default\">\n\t\t\t\t<div class=\"elementor-widget-container\">\n\t\t\t\t\t\t\t\t\t\t\t\t\t\t\t<img decoding=\"async\" src=\"https:\/\/hestia-globaltrade.com\/wp-content\/uploads\/2022\/12\/Parter_07.jpg\" title=\"RMS Architects\" alt=\"RMS Architects\" loading=\"lazy\" \/>\t\t\t\t\t\t\t\t\t\t\t\t\t\t\t<\/div>\n\t\t\t\t<\/div>\n\t\t\t\t\t<\/div>\n\t\t<\/div>\n\t\t\t\t<div class=\"elementor-column elementor-col-25 elementor-top-column elementor-element elementor-element-c970e4c\" data-id=\"c970e4c\" data-element_type=\"column\">\n\t\t\t<div class=\"elementor-widget-wrap elementor-element-populated\">\n\t\t\t\t\t\t\t\t<div class=\"elementor-element elementor-element-17fa020 elementor-widget elementor-widget-image\" data-id=\"17fa020\" data-element_type=\"widget\" data-widget_type=\"image.default\">\n\t\t\t\t<div class=\"elementor-widget-container\">\n\t\t\t\t\t\t\t\t\t\t\t\t\t\t\t<img decoding=\"async\" src=\"https:\/\/hestia-globaltrade.com\/wp-content\/uploads\/2022\/12\/Parter_03.jpg\" title=\"HYATT Hotels &#038; Resorts\" alt=\"HYATT Hotels &amp; Resorts\" loading=\"lazy\" \/>\t\t\t\t\t\t\t\t\t\t\t\t\t\t\t<\/div>\n\t\t\t\t<\/div>\n\t\t\t\t\t<\/div>\n\t\t<\/div>\n\t\t\t\t\t\t\t<\/div>\n\t\t<\/section>\n\t\t\t\t<section class=\"elementor-section elementor-top-section elementor-element elementor-element-241b80e elementor-section-boxed elementor-section-height-default elementor-section-height-default\" data-id=\"241b80e\" data-element_type=\"section\">\n\t\t\t\t\t\t<div class=\"elementor-container elementor-column-gap-default\">\n\t\t\t\t\t<div class=\"elementor-column elementor-col-25 elementor-top-column elementor-element elementor-element-52dc845\" data-id=\"52dc845\" data-element_type=\"column\">\n\t\t\t<div class=\"elementor-widget-wrap elementor-element-populated\">\n\t\t\t\t\t\t\t\t<div class=\"elementor-element elementor-element-31ce277 elementor-widget elementor-widget-image\" data-id=\"31ce277\" data-element_type=\"widget\" data-widget_type=\"image.default\">\n\t\t\t\t<div class=\"elementor-widget-container\">\n\t\t\t\t\t\t\t\t\t\t\t\t\t\t\t<img decoding=\"async\" src=\"https:\/\/hestia-globaltrade.com\/wp-content\/uploads\/2022\/12\/Parter_05.jpg\" title=\"Veritate\" alt=\"Veritate\" loading=\"lazy\" \/>\t\t\t\t\t\t\t\t\t\t\t\t\t\t\t<\/div>\n\t\t\t\t<\/div>\n\t\t\t\t\t<\/div>\n\t\t<\/div>\n\t\t\t\t<div class=\"elementor-column elementor-col-25 elementor-top-column elementor-element elementor-element-093ab6f\" data-id=\"093ab6f\" data-element_type=\"column\">\n\t\t\t<div class=\"elementor-widget-wrap elementor-element-populated\">\n\t\t\t\t\t\t\t\t<div class=\"elementor-element elementor-element-3e7fae5 elementor-widget elementor-widget-image\" data-id=\"3e7fae5\" data-element_type=\"widget\" data-widget_type=\"image.default\">\n\t\t\t\t<div class=\"elementor-widget-container\">\n\t\t\t\t\t\t\t\t\t\t\t\t\t\t\t<img decoding=\"async\" src=\"https:\/\/hestia-globaltrade.com\/wp-content\/uploads\/2022\/12\/Parter_06.jpg\" title=\"Mazars\" alt=\"Mazars\" loading=\"lazy\" \/>\t\t\t\t\t\t\t\t\t\t\t\t\t\t\t<\/div>\n\t\t\t\t<\/div>\n\t\t\t\t\t<\/div>\n\t\t<\/div>\n\t\t\t\t<div class=\"elementor-column elementor-col-25 elementor-top-column elementor-element elementor-element-063a8ab\" data-id=\"063a8ab\" data-element_type=\"column\">\n\t\t\t<div class=\"elementor-widget-wrap\">\n\t\t\t\t\t\t\t\t\t<\/div>\n\t\t<\/div>\n\t\t\t\t<div class=\"elementor-column elementor-col-25 elementor-top-column elementor-element elementor-element-923f473\" data-id=\"923f473\" data-element_type=\"column\">\n\t\t\t<div class=\"elementor-widget-wrap\">\n\t\t\t\t\t\t\t\t\t<\/div>\n\t\t<\/div>\n\t\t\t\t\t\t\t<\/div>\n\t\t<\/section>\n\t\t\t\t\t\t\t<\/div>\n\t\t","protected":false},"excerpt":{"rendered":"<p>Soucieux de vous accompagner dans tous les aspects de vos projets immobiliers,\u00a0HESTIA GLOBAL TRADE met \u00e0 votre disposition une \u00e9quipe d\u2019experts engag\u00e9s qui,\u00a0chacun dans leur domaine de comp\u00e9tence, seront heureux de vous seconder de\u00a0mani\u00e8re personnalis\u00e9e.Afin de donner toutes les chances de r\u00e9ussite aux projets, Hestia s&#8217;entoure de partenaires engag\u00e9s qui partagent ses valeurs et s&#8217;inscrivent &hellip; <\/p>\n<p class=\"link-more\"><a href=\"https:\/\/hestia-globaltrade.com\/index.php\/nos-partenaires\/\" class=\"more-link\">Read More <span class=\"screen-reader-text\"> &#8220;Nos Partenaires&#8221;<\/span><\/a><\/p>\n","protected":false},"author":3,"featured_media":0,"parent":0,"menu_order":0,"comment_status":"closed","ping_status":"closed","template":"","meta":{"inline_featured_image":false,"footnotes":""},"class_list":["post-7408","page","type-page","status-publish","hentry"],"_links":{"self":[{"href":"https:\/\/hestia-globaltrade.com\/index.php\/wp-json\/wp\/v2\/pages\/7408","targetHints":{"allow":["GET"]}}],"collection":[{"href":"https:\/\/hestia-globaltrade.com\/index.php\/wp-json\/wp\/v2\/pages"}],"about":[{"href":"https:\/\/hestia-globaltrade.com\/index.php\/wp-json\/wp\/v2\/types\/page"}],"author":[{"embeddable":true,"href":"https:\/\/hestia-globaltrade.com\/index.php\/wp-json\/wp\/v2\/users\/3"}],"replies":[{"embeddable":true,"href":"https:\/\/hestia-globaltrade.com\/index.php\/wp-json\/wp\/v2\/comments?post=7408"}],"version-history":[{"count":21,"href":"https:\/\/hestia-globaltrade.com\/index.php\/wp-json\/wp\/v2\/pages\/7408\/revisions"}],"predecessor-version":[{"id":7911,"href":"https:\/\/hestia-globaltrade.com\/index.php\/wp-json\/wp\/v2\/pages\/7408\/revisions\/7911"}],"wp:attachment":[{"href":"https:\/\/hestia-globaltrade.com\/index.php\/wp-json\/wp\/v2\/media?parent=7408"}],"curies":[{"name":"wp","href":"https:\/\/api.w.org\/{rel}","templated":true}]}}