{"id":474,"date":"2019-10-24T08:09:08","date_gmt":"2019-10-24T08:09:08","guid":{"rendered":"https:\/\/demo2wpopal.b-cdn.net\/rehomes\/?page_id=474"},"modified":"2023-01-26T22:02:39","modified_gmt":"2023-01-26T21:02:39","slug":"nos-objectifs","status":"publish","type":"page","link":"https:\/\/hestia-globaltrade.com\/index.php\/nos-objectifs\/","title":{"rendered":"Nos Objectifs"},"content":{"rendered":"\t\t<div data-elementor-type=\"wp-page\" data-elementor-id=\"474\" class=\"elementor elementor-474\">\n\t\t\t\t\t\t\t\t\t<section class=\"elementor-section elementor-top-section elementor-element elementor-element-fada7e3 elementor-section-stretched elementor-section-boxed elementor-section-height-default elementor-section-height-default elementor-invisible\" data-id=\"fada7e3\" data-element_type=\"section\" data-settings=\"{&quot;stretch_section&quot;:&quot;section-stretched&quot;,&quot;background_background&quot;:&quot;classic&quot;,&quot;animation&quot;:&quot;opal-move-up&quot;}\">\n\t\t\t\t\t\t<div class=\"elementor-container elementor-column-gap-no\">\n\t\t\t\t\t<div class=\"elementor-column elementor-col-50 elementor-top-column elementor-element elementor-element-b80d5e0\" data-id=\"b80d5e0\" data-element_type=\"column\">\n\t\t\t<div class=\"elementor-widget-wrap elementor-element-populated\">\n\t\t\t\t\t\t\t\t<div class=\"elementor-element elementor-element-eaa4ed9 animated-fast elementor-invisible elementor-widget elementor-widget-heading\" data-id=\"eaa4ed9\" data-element_type=\"widget\" data-settings=\"{&quot;_animation&quot;:&quot;opal-move-up&quot;}\" data-widget_type=\"heading.default\">\n\t\t\t\t<div class=\"elementor-widget-container\">\n\t\t\t<style>\/*! elementor - v3.11.2 - 22-02-2023 *\/\n.elementor-heading-title{padding:0;margin:0;line-height:1}.elementor-widget-heading .elementor-heading-title[class*=elementor-size-]>a{color:inherit;font-size:inherit;line-height:inherit}.elementor-widget-heading .elementor-heading-title.elementor-size-small{font-size:15px}.elementor-widget-heading .elementor-heading-title.elementor-size-medium{font-size:19px}.elementor-widget-heading .elementor-heading-title.elementor-size-large{font-size:29px}.elementor-widget-heading .elementor-heading-title.elementor-size-xl{font-size:39px}.elementor-widget-heading .elementor-heading-title.elementor-size-xxl{font-size:59px}<\/style><div class=\"elementor-heading-wrapper\" ><div class=\"elementor-heading-wrapper-inner\"><h2 class=\"elementor-heading-title elementor-size-default\">Construction et l\u2019exploitation d\u2019un complexe\nimmobilier sur le nouveau p\u00f4le urbain de Diamniadio<\/h2><\/div><\/div>\t\t<\/div>\n\t\t\t\t<\/div>\n\t\t\t\t<div class=\"elementor-element elementor-element-2b08ca3 animated-fast elementor-invisible elementor-widget elementor-widget-text-editor\" data-id=\"2b08ca3\" data-element_type=\"widget\" data-settings=\"{&quot;_animation&quot;:&quot;opal-move-up&quot;}\" data-widget_type=\"text-editor.default\">\n\t\t\t\t<div class=\"elementor-widget-container\">\n\t\t\t<style>\/*! elementor - v3.11.2 - 22-02-2023 *\/\n.elementor-widget-text-editor.elementor-drop-cap-view-stacked .elementor-drop-cap{background-color:#818a91;color:#fff}.elementor-widget-text-editor.elementor-drop-cap-view-framed .elementor-drop-cap{color:#818a91;border:3px solid;background-color:transparent}.elementor-widget-text-editor:not(.elementor-drop-cap-view-default) .elementor-drop-cap{margin-top:8px}.elementor-widget-text-editor:not(.elementor-drop-cap-view-default) .elementor-drop-cap-letter{width:1em;height:1em}.elementor-widget-text-editor .elementor-drop-cap{float:left;text-align:center;line-height:1;font-size:50px}.elementor-widget-text-editor .elementor-drop-cap-letter{display:inline-block}<\/style>        <div class=\"elementor-text-editor elementor-clearfix\"><p>\u00c9tant donn\u00e9 l\u2019importance et le prestige du site et si l\u2019on consid\u00e8re le relais strat\u00e9gique dont jouit le S\u00e9n\u00e9gal entre l\u2019Afrique, l\u2019Europe et le reste du monde, il est essentiel que le concept global du projet de \u00ab HESTIA GLOBAL TRADE \u00bb soit \u00e0 la mesure de sa position g\u00e9ographique, tant au niveau architectural que par la destination de ces attributions.<\/p><\/div>\n        \t\t<\/div>\n\t\t\t\t<\/div>\n\t\t\t\t\t<\/div>\n\t\t<\/div>\n\t\t\t\t<div class=\"elementor-column elementor-col-50 elementor-top-column elementor-element elementor-element-a673fab\" data-id=\"a673fab\" data-element_type=\"column\">\n\t\t\t<div class=\"elementor-widget-wrap elementor-element-populated\">\n\t\t\t\t\t\t\t\t<section class=\"elementor-section elementor-inner-section elementor-element elementor-element-c5b91d5 elementor-section-boxed elementor-section-height-default elementor-section-height-default\" data-id=\"c5b91d5\" data-element_type=\"section\" data-settings=\"{&quot;background_background&quot;:&quot;classic&quot;}\">\n\t\t\t\t\t\t<div class=\"elementor-container elementor-column-gap-no\">\n\t\t\t\t\t<div class=\"elementor-column elementor-col-100 elementor-inner-column elementor-element elementor-element-3e96ab0\" data-id=\"3e96ab0\" data-element_type=\"column\" data-settings=\"{&quot;background_background&quot;:&quot;classic&quot;}\">\n\t\t\t<div class=\"elementor-widget-wrap elementor-element-populated\">\n\t\t\t\t\t\t\t\t<div class=\"elementor-element elementor-element-f53b9ba elementor-widget elementor-widget-text-editor\" data-id=\"f53b9ba\" data-element_type=\"widget\" data-widget_type=\"text-editor.default\">\n\t\t\t\t<div class=\"elementor-widget-container\">\n\t\t\t        <div class=\"elementor-text-editor elementor-clearfix\"><p>L\u2019objectif majeur d\u2019un \u00e9co-quartier consiste \u00e0 innover sur le plan urbain et am\u00e9liorer la qualit\u00e9 de vie de ses habitants, en r\u00e9pondant du mieux possible aux enjeux climatiques. La r\u00e9ussite de ce d\u00e9fi immense, passe par les objectifs ci-apr\u00e8s:<\/p><\/div>\n        \t\t<\/div>\n\t\t\t\t<\/div>\n\t\t\t\t\t<\/div>\n\t\t<\/div>\n\t\t\t\t\t\t\t<\/div>\n\t\t<\/section>\n\t\t\t\t<section class=\"elementor-section elementor-inner-section elementor-element elementor-element-9de2e3d elementor-section-boxed elementor-section-height-default elementor-section-height-default\" data-id=\"9de2e3d\" data-element_type=\"section\">\n\t\t\t\t\t\t<div class=\"elementor-container elementor-column-gap-no\">\n\t\t\t\t\t<div class=\"elementor-column elementor-col-50 elementor-inner-column elementor-element elementor-element-99235c0\" data-id=\"99235c0\" data-element_type=\"column\">\n\t\t\t<div class=\"elementor-widget-wrap elementor-element-populated\">\n\t\t\t\t\t\t\t\t<div class=\"elementor-element elementor-element-1a147c3 animated-fast elementor-position-left elementor-invisible elementor-widget elementor-widget-featured-box\" data-id=\"1a147c3\" data-element_type=\"widget\" data-settings=\"{&quot;_animation&quot;:&quot;opal-move-up&quot;,&quot;_animation_delay&quot;:150}\" data-widget_type=\"featured-box.default\">\n\t\t\t\t<div class=\"elementor-widget-container\">\n\t\t\t<div class=\"elementor-featured-box-wrapper\"><div class=\"elementor-featured-box-flex\"><div class=\"elementor-featured-box-top\"><div class=\"elementor-featured-box-icon\"><i aria-hidden=\"true\" class=\"fasopal-icon-consulting\"><\/i><\/div><\/div><div class=\"elementor-featured-box-bottom\"><h3 class=\"elementor-featured-box-title\"><a href=\"#\">Construction<\/a><\/h3><\/div><\/div><div class=\"elementor-featured-box-content\"><p class=\"elementor-featured-box-description\">Am\u00e9liorer les m\u00e9thodes locales de constructions existantes<\/p><\/div><\/div>\t\t<\/div>\n\t\t\t\t<\/div>\n\t\t\t\t\t<\/div>\n\t\t<\/div>\n\t\t\t\t<div class=\"elementor-column elementor-col-50 elementor-inner-column elementor-element elementor-element-eb6738d\" data-id=\"eb6738d\" data-element_type=\"column\">\n\t\t\t<div class=\"elementor-widget-wrap elementor-element-populated\">\n\t\t\t\t\t\t\t\t<div class=\"elementor-element elementor-element-ef0ed83 animated-fast elementor-position-left elementor-invisible elementor-widget elementor-widget-featured-box\" data-id=\"ef0ed83\" data-element_type=\"widget\" data-settings=\"{&quot;_animation&quot;:&quot;opal-move-up&quot;,&quot;_animation_delay&quot;:300}\" data-widget_type=\"featured-box.default\">\n\t\t\t\t<div class=\"elementor-widget-container\">\n\t\t\t<div class=\"elementor-featured-box-wrapper\"><div class=\"elementor-featured-box-flex\"><div class=\"elementor-featured-box-top\"><div class=\"elementor-featured-box-icon\"><i aria-hidden=\"true\" class=\"fasopal-icon-team_1\"><\/i><\/div><\/div><div class=\"elementor-featured-box-bottom\"><h3 class=\"elementor-featured-box-title\"><a href=\"#\">\u00c9nergie<\/a><\/h3><\/div><\/div><div class=\"elementor-featured-box-content\"><p class=\"elementor-featured-box-description\">Am\u00e9liorer l\u2019efficacit\u00e9 \u00e9nerg\u00e9tique des constructions<\/p><\/div><\/div>\t\t<\/div>\n\t\t\t\t<\/div>\n\t\t\t\t\t<\/div>\n\t\t<\/div>\n\t\t\t\t\t\t\t<\/div>\n\t\t<\/section>\n\t\t\t\t<section class=\"elementor-section elementor-inner-section elementor-element elementor-element-0ce1269 elementor-section-boxed elementor-section-height-default elementor-section-height-default\" data-id=\"0ce1269\" data-element_type=\"section\">\n\t\t\t\t\t\t<div class=\"elementor-container elementor-column-gap-no\">\n\t\t\t\t\t<div class=\"elementor-column elementor-col-50 elementor-inner-column elementor-element elementor-element-604b9ca\" data-id=\"604b9ca\" data-element_type=\"column\">\n\t\t\t<div class=\"elementor-widget-wrap elementor-element-populated\">\n\t\t\t\t\t\t\t\t<div class=\"elementor-element elementor-element-d50fa9c animated-fast elementor-position-left elementor-invisible elementor-widget elementor-widget-featured-box\" data-id=\"d50fa9c\" data-element_type=\"widget\" data-settings=\"{&quot;_animation&quot;:&quot;opal-move-up&quot;}\" data-widget_type=\"featured-box.default\">\n\t\t\t\t<div class=\"elementor-widget-container\">\n\t\t\t<div class=\"elementor-featured-box-wrapper\"><div class=\"elementor-featured-box-flex\"><div class=\"elementor-featured-box-top\"><div class=\"elementor-featured-box-icon\"><i aria-hidden=\"true\" class=\"fasopal-icon-advisor\"><\/i><\/div><\/div><div class=\"elementor-featured-box-bottom\"><h3 class=\"elementor-featured-box-title\"><a href=\"#\">Environnement<\/a><\/h3><\/div><\/div><div class=\"elementor-featured-box-content\"><p class=\"elementor-featured-box-description\">R\u00e9duire l\u2019empreinte carbone des b\u00e2tis<\/p><\/div><\/div>\t\t<\/div>\n\t\t\t\t<\/div>\n\t\t\t\t\t<\/div>\n\t\t<\/div>\n\t\t\t\t<div class=\"elementor-column elementor-col-50 elementor-inner-column elementor-element elementor-element-25a87a9\" data-id=\"25a87a9\" data-element_type=\"column\">\n\t\t\t<div class=\"elementor-widget-wrap elementor-element-populated\">\n\t\t\t\t\t\t\t\t<div class=\"elementor-element elementor-element-7b3eff3 animated-fast elementor-position-left elementor-invisible elementor-widget elementor-widget-featured-box\" data-id=\"7b3eff3\" data-element_type=\"widget\" data-settings=\"{&quot;_animation&quot;:&quot;opal-move-up&quot;}\" data-widget_type=\"featured-box.default\">\n\t\t\t\t<div class=\"elementor-widget-container\">\n\t\t\t<div class=\"elementor-featured-box-wrapper\"><div class=\"elementor-featured-box-flex\"><div class=\"elementor-featured-box-top\"><div class=\"elementor-featured-box-icon\"><i aria-hidden=\"true\" class=\"fasopal-icon-support\"><\/i><\/div><\/div><div class=\"elementor-featured-box-bottom\"><h3 class=\"elementor-featured-box-title\"><a href=\"#\">Facilities Management<\/a><\/h3><\/div><\/div><div class=\"elementor-featured-box-content\"><p class=\"elementor-featured-box-description\">Garantir la sant\u00e9, la s\u00e9curit\u00e9 et le confort des occupants<\/p><\/div><\/div>\t\t<\/div>\n\t\t\t\t<\/div>\n\t\t\t\t\t<\/div>\n\t\t<\/div>\n\t\t\t\t\t\t\t<\/div>\n\t\t<\/section>\n\t\t\t\t\t<\/div>\n\t\t<\/div>\n\t\t\t\t\t\t\t<\/div>\n\t\t<\/section>\n\t\t\t\t<section class=\"elementor-section elementor-top-section elementor-element elementor-element-7313566 elementor-section-stretched elementor-section-boxed elementor-section-height-default elementor-section-height-default elementor-invisible\" data-id=\"7313566\" data-element_type=\"section\" data-settings=\"{&quot;stretch_section&quot;:&quot;section-stretched&quot;,&quot;background_background&quot;:&quot;classic&quot;,&quot;animation&quot;:&quot;opal-move-up&quot;}\">\n\t\t\t\t\t\t<div class=\"elementor-container elementor-column-gap-no\">\n\t\t\t\t\t<div class=\"elementor-column elementor-col-100 elementor-top-column elementor-element elementor-element-2636662\" data-id=\"2636662\" data-element_type=\"column\">\n\t\t\t<div class=\"elementor-widget-wrap elementor-element-populated\">\n\t\t\t\t\t\t\t\t<div class=\"elementor-element elementor-element-6933bb7 elementor-widget elementor-widget-text-editor\" data-id=\"6933bb7\" data-element_type=\"widget\" data-widget_type=\"text-editor.default\">\n\t\t\t\t<div class=\"elementor-widget-container\">\n\t\t\t        <div class=\"elementor-text-editor elementor-clearfix\"><p>\u00c9tant donn\u00e9 l\u2019importance et le prestige du site et si l\u2019on consid\u00e8re le relais strat\u00e9gique dont jouit le S\u00e9n\u00e9gal entre l\u2019Afrique, l\u2019Europe et le reste du monde, il est essentiel que le concept global du projet de \u00ab HESTIA GLOBAL TRADE \u00bb soit \u00e0 la mesure de sa position g\u00e9ographique, tant au niveau architectural que par la destination de ces attributions.<\/p><p>Le projet cl\u00e9 en main, de cette cit\u00e9 autonome s\u00e9curis\u00e9e, sera articul\u00e9 autour d\u2019un lac\u00a0<span style=\"font-size: 1rem;\">naturel dans le nouveau site de Diamniadio et r\u00e9unit cinq fonctions principales :<\/span><\/p><ul><li>R\u00e9sidences<\/li><li>Business Resort<\/li><li>Affaires et Commerces<\/li><li>D\u00e9veloppement durable et certification d\u2019efficacit\u00e9 \u00e9nerg\u00e9tique (BREAM IN USE)<\/li><li>Mise en place de solutions de Facility Management(centre de gestion globale du Facility Management et de l\u2019\u00ab after care \u00bb consubstantiels au standing)<\/li><\/ul><\/div>\n        \t\t<\/div>\n\t\t\t\t<\/div>\n\t\t\t\t\t<\/div>\n\t\t<\/div>\n\t\t\t\t\t\t\t<\/div>\n\t\t<\/section>\n\t\t\t\t<section class=\"elementor-section elementor-top-section elementor-element elementor-element-b287639 elementor-section-stretched elementor-section-boxed elementor-section-height-default elementor-section-height-default elementor-invisible\" data-id=\"b287639\" data-element_type=\"section\" data-settings=\"{&quot;stretch_section&quot;:&quot;section-stretched&quot;,&quot;background_background&quot;:&quot;classic&quot;,&quot;animation&quot;:&quot;opal-move-up&quot;}\">\n\t\t\t\t\t\t<div class=\"elementor-container elementor-column-gap-no\">\n\t\t\t\t\t<div class=\"elementor-column elementor-col-100 elementor-top-column elementor-element elementor-element-7c8770e\" data-id=\"7c8770e\" data-element_type=\"column\">\n\t\t\t<div class=\"elementor-widget-wrap elementor-element-populated\">\n\t\t\t\t\t\t\t\t<div class=\"elementor-element elementor-element-77ec757 elementor-widget elementor-widget-text-editor\" data-id=\"77ec757\" data-element_type=\"widget\" data-widget_type=\"text-editor.default\">\n\t\t\t\t<div class=\"elementor-widget-container\">\n\t\t\t        <div class=\"elementor-text-editor elementor-clearfix\"><p>La combinaison et l\u2019interactivit\u00e9 de ces cinq fonctions cr\u00e9eront une dynamique\u00a0<span style=\"font-size: 1rem;\">certaine \u00e0 l\u2019image d\u2019une cit\u00e9 r\u00e9siliente tourn\u00e9e vers la modernit\u00e9.\u00a0<\/span><span style=\"font-size: 1rem;\">Cette cit\u00e9 sera b\u00e2tie sur 16 hectares de mani\u00e8re harmonieuse avec les diff\u00e9rentes\u00a0<\/span><span style=\"font-size: 1rem;\">infrastructures de bases que sont :<\/span><\/p><ul><li>Activit\u00e9s sportives, r\u00e9cr\u00e9atives et de d\u00e9tente autour du lac<\/li><li>Zones de loisirs et de bien-\u00eatre<\/li><li>Espaces de vie associatifs<\/li><li>Voieries et am\u00e9nagements ext\u00e9rieurs<\/li><\/ul><\/div>\n        \t\t<\/div>\n\t\t\t\t<\/div>\n\t\t\t\t\t<\/div>\n\t\t<\/div>\n\t\t\t\t\t\t\t<\/div>\n\t\t<\/section>\n\t\t\t\t<section class=\"elementor-section elementor-top-section elementor-element elementor-element-53063eb elementor-section-stretched elementor-section-boxed elementor-section-height-default elementor-section-height-default elementor-invisible\" data-id=\"53063eb\" data-element_type=\"section\" data-settings=\"{&quot;stretch_section&quot;:&quot;section-stretched&quot;,&quot;background_background&quot;:&quot;classic&quot;,&quot;animation&quot;:&quot;opal-move-up&quot;}\">\n\t\t\t\t\t\t<div class=\"elementor-container elementor-column-gap-no\">\n\t\t\t\t\t<div class=\"elementor-column elementor-col-100 elementor-top-column elementor-element elementor-element-b28470d\" data-id=\"b28470d\" data-element_type=\"column\">\n\t\t\t<div class=\"elementor-widget-wrap elementor-element-populated\">\n\t\t\t\t\t\t\t\t<div class=\"elementor-element elementor-element-c5a5a24 elementor-widget elementor-widget-text-editor\" data-id=\"c5a5a24\" data-element_type=\"widget\" data-widget_type=\"text-editor.default\">\n\t\t\t\t<div class=\"elementor-widget-container\">\n\t\t\t        <div class=\"elementor-text-editor elementor-clearfix\"><p>L\u2019enjeu derri\u00e8re ce projet de construction des r\u00e9sidences HESTIA, c\u2019est d\u2019offrir aux\u00a0<span style=\"font-size: 1rem;\">futurs occupants, un lieu de vie respectueux de l\u2019environnement et bas\u00e9 sur un mode\u00a0<\/span><span style=\"font-size: 1rem;\">de vie plus durable. Un quartier \u00e9cologique au sein de la ville de Diamniadio, c\u2019est un\u00a0<\/span><span style=\"font-size: 1rem;\">projet qui inscrit l\u2019extension du p\u00f4le urbain de Diamniadio dans la perspective d\u2019une\u00a0<\/span><span style=\"font-size: 1rem;\">ville durable.<\/span><\/p><\/div>\n        \t\t<\/div>\n\t\t\t\t<\/div>\n\t\t\t\t\t<\/div>\n\t\t<\/div>\n\t\t\t\t\t\t\t<\/div>\n\t\t<\/section>\n\t\t\t\t\t\t\t<\/div>\n\t\t","protected":false},"excerpt":{"rendered":"<p>Construction et l\u2019exploitation d\u2019un complexe immobilier sur le nouveau p\u00f4le urbain de Diamniadio \u00c9tant donn\u00e9 l\u2019importance et le prestige du site et si l\u2019on consid\u00e8re le relais strat\u00e9gique dont jouit le S\u00e9n\u00e9gal entre l\u2019Afrique, l\u2019Europe et le reste du monde, il est essentiel que le concept global du projet de \u00ab HESTIA GLOBAL TRADE \u00bb &hellip; <\/p>\n<p class=\"link-more\"><a href=\"https:\/\/hestia-globaltrade.com\/index.php\/nos-objectifs\/\" class=\"more-link\">Read More <span class=\"screen-reader-text\"> &#8220;Nos Objectifs&#8221;<\/span><\/a><\/p>\n","protected":false},"author":2,"featured_media":0,"parent":0,"menu_order":0,"comment_status":"closed","ping_status":"closed","template":"page-elementor.php","meta":{"inline_featured_image":false,"footnotes":""},"class_list":["post-474","page","type-page","status-publish","hentry"],"_links":{"self":[{"href":"https:\/\/hestia-globaltrade.com\/index.php\/wp-json\/wp\/v2\/pages\/474","targetHints":{"allow":["GET"]}}],"collection":[{"href":"https:\/\/hestia-globaltrade.com\/index.php\/wp-json\/wp\/v2\/pages"}],"about":[{"href":"https:\/\/hestia-globaltrade.com\/index.php\/wp-json\/wp\/v2\/types\/page"}],"author":[{"embeddable":true,"href":"https:\/\/hestia-globaltrade.com\/index.php\/wp-json\/wp\/v2\/users\/2"}],"replies":[{"embeddable":true,"href":"https:\/\/hestia-globaltrade.com\/index.php\/wp-json\/wp\/v2\/comments?post=474"}],"version-history":[{"count":42,"href":"https:\/\/hestia-globaltrade.com\/index.php\/wp-json\/wp\/v2\/pages\/474\/revisions"}],"predecessor-version":[{"id":7706,"href":"https:\/\/hestia-globaltrade.com\/index.php\/wp-json\/wp\/v2\/pages\/474\/revisions\/7706"}],"wp:attachment":[{"href":"https:\/\/hestia-globaltrade.com\/index.php\/wp-json\/wp\/v2\/media?parent=474"}],"curies":[{"name":"wp","href":"https:\/\/api.w.org\/{rel}","templated":true}]}}